2. Let z = 74 - j. Calculate the remainder when 74 is divided by z.
24
Let j(y) = 80*y - 20. What is the remainder when j(2) is divided by 36?
32
Let r be 0*3/(-6)*1. Suppose 1 - 76 = 5*h. Let j = r - h. Calculate the remainder when j is divided by 6.
3
Suppose -28*y + 23*y = 0. Suppose q - 6 = -3, n + 2*q + 35 = y. Let l = n + 46. Calculate the remainder when 13 is divided by l.
3
Suppose 4*f = -0*f + 4*t + 112, 2*t - 6 = 0. Calculate the remainder when 212 is divided by f.
26
Suppose 4*u - 6*u = -78. What is the remainder when 53 is divided by u?
14
Suppose -2*d + 186 = -2*z, 3*z + 68 = d - 15. Let h(m) = -26*m**3 - 1. What is the remainder when d is divided by h(-1)?
23
Let x(k) = 5*k**3 - 4*k**2 + k - 2. Suppose 52 + 26 = 3*z. What is the remainder when x(3) is divided by z?
22
Let b(s) = 2*s**3 - 2*s**2 + 13*s - 27. What is the remainder when b(6) is divided by 105?
96
Let n = -201 - -240. What is the remainder when 121 is divided by n?
4
Suppose -356 + 318 = -2*r. What is the remainder when 113 is divided by r?
18
Let f be -1 + -2 + -4 + 8. Let p(s) = 6*s**3 + s**2 - s + 1. What is the remainder when 25 is divided by p(f)?
4
Let i(j) = j**2 + 2*j - 4. Let r be i(-2). What is the remainder when 328 is divided by (3/(-6))/(r/440)?
53
Suppose 0*i + i = 0, 2*u + 2*i - 34 = 0. Suppose n - 1 - u = 0. Suppose -3*l = l - 44. Calculate the remainder when n is divided by l.
7
Let t = -12 - -6. Let s = 8 + t. Suppose s*i - 4*i = -98. Calculate the remainder when i is divided by 13.
10
Suppose 0 = -i + 5, -i + 1 = 5*g - 34. What is the remainder when g is divided by (((-133)/14)/19)/(-3*2/12)?
0
Let r be 6 + 2/(8/(-12)). Suppose s - r - 1 = 0. Suppose u - s*t = 79, 500 = -u + 6*u + t. What is the remainder when u is divided by 25?
24
Let t = -1342 - -1350. Calculate the remainder when t is divided by (2 - 1)*(1 - -2).
2
Let a(k) = -k**3 + 4*k**2 + 6*k - 3. Let i be a(5). Let q be ((-7)/i)/7*-8. Suppose 1 = -3*l + q, 11 = 5*o - 4*l. What is the remainder when 9 is divided by o?
0
Let p = -250 + 260. Suppose 0*o + o = 3*u - 64, o - 112 = -5*u. What is the remainder when u is divided by p?
2
Suppose 626 = 2*o + 2*t, -2*o + 803 = -4*t + 159. Suppose o = -3*x + 397. Let u(c) = -c**3 - 6*c**2 - 3*c - 3. What is the remainder when x is divided by u(-6)?
12
Suppose 0 = -5*n + 3*t + 190, 3*n - 128 = -0*n - t. Suppose 6*s - 9*s = -240. What is the remainder when s is divided by n?
39
Let q(t) = -t**2 - 9*t - 10. Let u be q(-7). Suppose -12 = 3*z, u*z + 20 = 4*p + 6*z. Suppose -4*s - p + 35 = 0. What is the remainder when s is divided by 6?
1
Suppose -4*c - k = c + 32, -2*c - 3*k = 5. Let a be c/(-14) - 33/2. What is the remainder when 29 is divided by a/4 - -13 - -1?
9
Calculate the remainder when 19 is divided by 2/(-9) - (-551)/171.
1
Calculate the remainder when (-14)/(-28)*4/2 + 104 is divided by 28.
21
Let o = 1336 - 1306. Suppose -i + 7 = -4. What is the remainder when o is divided by i?
8
Let o = 556 - 136. Calculate the remainder when o is divided by 53.
49
Calculate the remainder when 32*1 - (-11 - -12) is divided by 23.
8
Suppose 3*a + 4*p - 185 = 0, -4*p = -a + 51 + 32. What is the remainder when a is divided by 56?
11
Let i = 2408 - 2347. Suppose k + 5*b - 29 = 0, -3*k + 8 - 1 = -b. Suppose k*n - 39 = n. Calculate the remainder when i is divided by n.
9
Suppose 0 = 2*u - 267 + 77. Suppose u = 6*t - t. What is the remainder when t is divided by 12?
7
Let n(g) = -g + 1. Let x be n(2). Calculate the remainder when 63 - (-3 + (10 - -5)) is divided by 15 - x - (-8)/4.
15
Suppose -4*w = -14*w + 310. Calculate the remainder when 336 is divided by w.
26
Let v(m) = -m**2 - 8*m + 230. What is the remainder when 398/4 - (-3)/6 is divided by v(-19)?
16
Let l(k) = -k**2 - 13*k - 10. Let r be l(-12). Suppose -r*q = -4*q + 30. What is the remainder when 56 is divided by q?
11
What is the remainder when (-1 - -73) + (6/(-3) - 2) is divided by 28?
12
Suppose 2*p = -3*w - 0*w + 168, 0 = 2*w + 3*p - 112. What is the remainder when w is divided by 41?
15
Let o(y) = y**2 + y - 16. Let r be o(9). Suppose r - 14 = 10*n. Calculate the remainder when 9 is divided by n.
3
Let i(q) = q**3 - 13*q**2 + 42*q - 41. Calculate the remainder when i(12) is divided by 64.
63
Suppose 8*x = 22*x - 28. Let r(m) = -m**2 + 8*m - 5. What is the remainder when r(7) is divided by x?
0
Let b = 8 + 14. Let r = -13 + b. Let j = 32 + -16. Calculate the remainder when j is divided by r.
7
Suppose 10 = u + u. Suppose u*f + 5*l = -0*f + 30, f = -5*l + 2. What is the remainder when (21/(-14))/((-3)/52) is divided by f?
5
Let n(i) = i**3 - 7*i**2 + 7*i + 10. Calculate the remainder when 62 is divided by n(6).
14
Let y = -1100 - -1144. Calculate the remainder when 53 is divided by y.
9
Suppose -5*c = 2*q - 36, 54 = 3*q + c - 0*c. What is the remainder when 1488 is divided by q?
12
Let q(g) = 3*g**2 + 8*g - 108. Calculate the remainder when 86 is divided by q(6).
38
Let u(n) = 12*n - 8. Calculate the remainder when 77 is divided by u(6).
13
Let j be (948/(-10))/(4/(-10)). Suppose -5*k + 0*a = a - j, 2*k = -5*a + 104. Calculate the remainder when k is divided by 12.
11
Suppose -4*p + 5*h + 743 = 0, 38*p - 355 = 36*p - 3*h. What is the remainder when p is divided by 38?
30
Suppose 0 = 4*q + 12, 2 = 2*l + 5*q - 7. What is the remainder when 131 is divided by l?
11
Let b(z) = -z + 6. Let u be b(3). Let j be (-9 + u)*8/(-12). Suppose -j*g = g - 20. Calculate the remainder when 10 is divided by g.
2
Let z = -35 - -39. Suppose 4*b = -z + 56. Calculate the remainder when 51 is divided by b.
12
Suppose -2*t - 2*t = -16. Let i = -1979 + 2010. Calculate the remainder when i is divided by t.
3
Let z = -1310 + 1415. Calculate the remainder when z is divided by 59.
46
Let r(b) = -71*b - 25. Suppose o = 17 + 165. Calculate the remainder when o is divided by r(-1).
44
Let d be (1965/10)/(-3)*-2. Let a = d + -59. Calculate the remainder when a is divided by 15.
12
Let x be -106*3*((0 - 3) + 2). Suppose 14*k - x + 38 = 0. What is the remainder when k is divided by 11?
9
Suppose 5*h + 445 - 140 = 0. Let a = -33 - h. What is the remainder when a is divided by 17?
11
Calculate the remainder when 18/27*(-6)/4*-553 is divided by 43.
37
Let z be 2/3 - (-1108)/12. Let o = z - 49. Calculate the remainder when o is divided by (6/8)/((-2)/(-8))*5.
14
Suppose -6*q = -5*q. Let n be q/4 + -3 - -1. What is the remainder when 52 is divided by n/((-6)/27) + 2?
8
Let q = -27 + 35. Suppose u - q = 15. Calculate the remainder when u is divided by (-3 - 0)*16/(-6).
7
Let b be (-1)/2*(8 - 12). Suppose -i - b*i + 21 = 0. Let r = 19 - i. What is the remainder when 46 is divided by r?
10
Let j be 2/(-8) + 91/28. Let u be ((-5)/j)/((-1)/(-9)). Calculate the remainder when 48 is divided by -10*-1*u/(-6).
23
Calculate the remainder when (-1005)/(-2)*324/243 is divided by 24.
22
Let h(k) be the third derivative of -k**5/30 - k**4/24 + k**2. Let j be h(0). Suppose j = a + 3*a - 12. Calculate the remainder when a is divided by 2.
1
Suppose 132*i = 128*i + 92. Calculate the remainder when 64 is divided by i.
18
Let t(k) be the third derivative of k**4/24 + 11*k**3/6 - 6*k**2. Let a be t(8). Calculate the remainder when 82 is divided by 2 + a + (1 - 1).
19
Suppose 0 = -i - t + 15, 38 + 39 = 5*i + 4*t. What is the remainder when 271 is divided by i?
16
Suppose -123 = -s - 0*s. Let b(c) = 6*c + 18. Calculate the remainder when s is divided by b(0).
15
Suppose 0 = 11*m + 4343 - 16619. What is the remainder when m is divided by 28?
24
Let a = -166 + 175. What is the remainder when 37 is divided by a?
1
Let w(v) be the second derivative of -2*v**3 + v**2/2 - 7*v. What is the remainder when w(-1) is divided by 8?
5
Suppose 37*f = 42*f + 15. Calculate the remainder when 55 is divided by (7*1)/(-2*f/6).
6
Suppose -u = -1 + 2, 5*u + 997 = 4*h. What is the remainder when h is divided by 36?
32
Let l be (-16)/(-3 + 2 + 3/6). Suppose 2*g = -2*r + g + 39, 0 = -r - 3*g + l. What is the remainder when 100 is divided by r?
15
Suppose n - 5*x = 9 + 30, 171 = 4*n - 5*x. What is the remainder when 481 is divided by n?
41
Suppose 1 + 14 = -3*z, 2*z = -2*n + 56. Let m = 60 + 69. Calculate the remainder when m is divided by n.
30
Suppose 2*m + 54 = -0*h + 2*h, -4 = -